{"id":399,"date":"2024-04-22T23:45:24","date_gmt":"2024-04-22T23:45:24","guid":{"rendered":"https:\/\/gentar.hu\/mge\/?page_id=399"},"modified":"2024-04-25T18:32:26","modified_gmt":"2024-04-25T18:32:26","slug":"ajanlott-irodalom-2","status":"publish","type":"page","link":"https:\/\/gentar.hu\/mge\/ajanlott-irodalom-2\/","title":{"rendered":"Aj\u00e1nlott irodalom 2"},"content":{"rendered":"\n    \n    <section class=\"u-clearfix u-container-align-center u-section-2\" id=\"sec-dfeb\">\n      <div class=\"u-clearfix u-sheet u-valign-middle u-sheet-1\">\n        <p class=\"u-text u-text-default u-text-1\">Aj\u00e1nlott irodalom 2.<\/p>\n      <\/div>\n    <\/section>\n    <section class=\"u-clearfix u-section-3\" id=\"sec-f8fd\">\n      <div class=\"u-clearfix u-sheet u-sheet-1\">\n        <div class=\"u-expanded-width u-table u-table-responsive u-table-1\">\n          <table class=\"u-table-entity\">\n            <colgroup>\n              <col width=\"49.3%\">\n              <col width=\"50.7%\">\n            <\/colgroup>\n            <tbody class=\"u-table-alt-custom-color-9 u-table-body u-table-body-1\">\n              <tr style=\"height: 89px;\">\n                <td class=\"u-table-cell\"> Hreblay\n  Emil (1900)<br>\n                  <span style=\"font-weight: 700;\">A gazdas\u00e1gi baromfiteny\u00e9szt\u00e9sre vonatkoz\u00f3 \u00e1ltal\u00e1nos\n  tudnival\u00f3k&nbsp;<\/span>\n                <\/td>\n                <td class=\"u-table-cell\"> Pallas\n  R\u00e9szv\u00e9nyt\u00e1rsas\u00e1g Nyomd\u00e1ja, Budapest. <\/td>\n              <\/tr>\n              <tr style=\"height: 65px;\">\n                <td class=\"u-table-cell\"> Hreblay\n  Emil (1907)<br>\n                  <span style=\"font-weight: 700;\">Pulykateny\u00e9szt\u00e9s<\/span>\n                <\/td>\n                <td class=\"u-table-cell\">\u201cP\u00e1tria\u201d Irodalmi V\u00e1llalat \u00e9s Nyomdai R\u00e9szv\u00e9nyt\u00e1rsas\u00e1g, Budapest<\/td>\n              <\/tr>\n              <tr style=\"height: 65px;\">\n                <td class=\"u-table-cell\"> Hreblay\n  Emil (1909)&nbsp;<br>\n                  <span style=\"font-weight: 700;\">L\u00fad- \u00e9s kacsateny\u00e9szt\u00e9s<\/span>\n                <\/td>\n                <td class=\"u-table-cell\"> Gombos\n  Ferenc Lyceum K\u00f6nyvnyomd\u00e1ja, Kolozsv\u00e1r<\/td>\n              <\/tr>\n              <tr style=\"height: 119px;\">\n                <td class=\"u-table-cell\"> Hreblay\n  Emil (1909)&nbsp;<br>\n                  <span style=\"font-weight: 700;\">Baromfiteny\u00e9szt\u00e9s. I. f\u00fczet<\/span>\n                  <br>A gazdas\u00e1gi baromfiteny\u00e9szt\u00e9sre\n  vonatkoz\u00f3 \u00e1ltal\u00e1nos tudnival\u00f3k \u00e9s a gazdas\u00e1gi baromfifajt\u00e1k ismertet\u00e9se\n                <\/td>\n                <td class=\"u-table-cell\"> \u201cP\u00e1tria\u201d\n  Irodalmi V\u00e1llalat \u00e9s Nyomdai R\u00e9szv\u00e9nyt\u00e1rsas\u00e1g, Budapest<\/td>\n              <\/tr>\n              <tr style=\"height: 119px;\">\n                <td class=\"u-table-cell\"> Hreblay\n  Emil (1912)&nbsp;<br>\n                  <span style=\"font-weight: 700;\">Baromfiteny\u00e9szt\u00e9s. I. f\u00fczet<br>\n                  <\/span>A gazdas\u00e1gi baromfiteny\u00e9szt\u00e9sre\n  vonatkoz\u00f3 \u00e1ltal\u00e1nos tudnival\u00f3k \u00e9s a gazdas\u00e1gi baromfifajt\u00e1k ismertet\u00e9se.\n  M\u00e1sodik, \u00e1tdolgozott kiad\u00e1s.&nbsp;\n                <\/td>\n                <td class=\"u-table-cell\"> \u201cP\u00e1tria\u201d\n  Irodalmi V\u00e1llalat \u00e9s Nyomdai R\u00e9szv\u00e9nyt\u00e1rsas\u00e1g, Budapest<\/td>\n              <\/tr>\n              <tr style=\"height: 65px;\">\n                <td class=\"u-table-cell\"> Kiss\n  Gereben \u00e9s Verner Jen\u0151 (1903)&nbsp;<br>\n                  <span style=\"font-weight: 700;\">Az apr\u00f3j\u00f3sz\u00e1gok teny\u00e9szt\u00e9se<\/span>\n                <\/td>\n                <td class=\"u-table-cell\"> Athenaeum\n  Irodalmi \u00e9s Nyomdai Rt., Budapest<\/td>\n              <\/tr>\n              <tr style=\"height: 89px;\">\n                <td class=\"u-table-cell\"> Krenedits\n  \u00d6d\u00f6n (1920)&nbsp;<br>\n                  <span style=\"font-weight: 700;\">Baromfiteny\u00e9szt\u00e9s<\/span>\n                <\/td>\n                <td class=\"u-table-cell\"> Athenaeum\n  Irodalmi \u00e9s Nyomdai Rt., Budapest<\/td>\n              <\/tr>\n              <tr style=\"height: 65px;\">\n                <td class=\"u-table-cell\">\n                  <span style=\"font-weight: 700;\"> Legismertebb\n  baromfifajt\u00e1knak jellegle\u00edr\u00e1sa (standard)<br>\n                  <\/span>(1913)&nbsp;\n                <\/td>\n                <td class=\"u-table-cell\"> \u201cP\u00e1tria\u201d\n  Irodalmi V\u00e1llalat \u00e9s Nyomdai R\u00e9szv\u00e9nyt\u00e1rsas\u00e1g, Budapest<\/td>\n              <\/tr>\n              <tr style=\"height: 65px;\">\n                <td class=\"u-table-cell\"> Matolcsi\n  J\u00e1nos (1975)&nbsp;<br>\n                  <span style=\"font-weight: 700;\">A h\u00e1zi\u00e1llatok eredete<\/span>\n                <\/td>\n                <td class=\"u-table-cell\"> Mez\u0151gazdas\u00e1gi\n  Kiad\u00f3, Budapest<\/td>\n              <\/tr>\n              <tr style=\"height: 67px;\">\n                <td class=\"u-table-cell\"> Rodiczky\n  Jen\u0151 (1902)<br>\n                  <span style=\"font-weight: 700;\">K\u00f6r\u00fcltekint\u00e9s a baromfiteny\u00e9szt\u00e9s \u00f6sszes \u00e1gain<\/span>\n                <\/td>\n                <td class=\"u-table-cell\"> Pallas\n  R\u00e9szv\u00e9nyt\u00e1rsas\u00e1g Nyomd\u00e1ja, Budapest<\/td>\n              <\/tr>\n              <tr style=\"height: 65px;\">\n                <td class=\"u-table-cell u-table-cell-21\"> Sz\u00e9kessy\n  Vilmos (szerk.) (1958)&nbsp;<br>\n                  <span style=\"font-weight: 700;\">Magyarorsz\u00e1g \u00e1llatvil\u00e1ga<br>\n                  <\/span>XXI. k\u00f6tet, Aves \u2013\n  Madarak\n                <\/td>\n                <td class=\"u-table-cell\"> Akad\u00e9miai\n  Kiad\u00f3, Budapest<\/td>\n              <\/tr>\n              <tr style=\"height: 65px;\">\n                <td class=\"u-table-cell\"> T\u00f3th P\u00e1l\n  (1956)&nbsp;<br>\n                  <span style=\"font-weight: 700;\">A baromfiteny\u00e9szt\u00e9s k\u00e9zik\u00f6nyve<\/span>\n                <\/td>\n                <td class=\"u-table-cell\"> Mez\u0151gazdas\u00e1gi\n  Kiad\u00f3, Budapest<\/td>\n              <\/tr>\n              <tr style=\"height: 65px;\">\n                <td class=\"u-table-cell\"> Winkler\n  J\u00e1nos (1921)&nbsp;<br>\n                  <span style=\"font-weight: 700;\">Baromfiteny\u00e9szt\u00e9s<\/span>\n                <\/td>\n                <td class=\"u-table-cell\"> \u201cP\u00e1tria\u201d\n  Irodalmi V\u00e1llalat \u00e9s Nyomdai R\u00e9szv\u00e9nyt\u00e1rsas\u00e1g, Budapest<\/td>\n              <\/tr>\n              <tr style=\"height: 65px;\">\n                <td class=\"u-table-cell\"> Winkler\n  J\u00e1nos (1922)&nbsp;<br>\n                  <span style=\"font-weight: 700;\">Baromfi\u00f3lak \u00e9s baromfiteny\u00e9szt\u00e9si eszk\u00f6z\u00f6k<\/span>\n                <\/td>\n                <td class=\"u-table-cell\"> P\u00e1tria\n  Irodalmi V\u00e1llalat \u00e9s Nyomdai Rt., Budapest, 110 p. <\/td>\n              <\/tr>\n              <tr style=\"height: 65px;\">\n                <td class=\"u-table-cell\"> Winkler\n  J\u00e1nos (1929)&nbsp;<br>\n                  <span style=\"font-weight: 700;\">Vez\u00e9rfon\u00e1l a parlagi baromfiak nemes\u00edt\u00e9s\u00e9hez<\/span>\n                <\/td>\n                <td class=\"u-table-cell\"> \u201cP\u00e1tria\u201d\n  Irodalmi V\u00e1llalat \u00e9s Nyomdai R\u00e9szv\u00e9nyt\u00e1rsas\u00e1g, Budapest<\/td>\n              <\/tr>\n            <\/tbody>\n          <\/table>\n        <\/div>\n        <a href=\"https:\/\/gentar.hu\/mge\/ajanlott-irodalom\/\" class=\"u-border-none u-btn u-btn-round u-button-style u-custom-color-19 u-hover-custom-color-20 u-radius u-btn-1\"><span class=\"u-file-icon u-icon u-text-white u-icon-1\"><img decoding=\"async\" src=\"data:image\/png;base64,iVBORw0KGgoAAAANSUhEUgAAAIAAAACACAYAAADDPmHLAAAAAXNSR0IArs4c6QAABVpJREFUeF7tnU2PF0UQxp+CBBI84jfAT0EgfAGBq+9cgAtkPfCqiC+IiECAhMANSIQEFEgwhit61ht3\/AZ6EU6+FNubWbPC6k53T9W\/lnrmspfuqarn+U3v\/Ge6pwU8Uisgqatn8SAAySEgAAQguQLJy+cIQACSK5C8fI4ABCC5AsnL5whAAJIrkLx8jgAEILkCycvnCEAAkiuQvHyOAAQguQLJy+cIQACSK5C8fI4ABCC5AsnL5whAAJIrkLx8jgAEILkCycvnCEAAkiuQvHyOAAQguQLJy+cIQACSK5C8fI4ABCC5AsnLdx8BVHUrgKMAtgBYB+ARgCsAvhYRTe6He\/muAKjq+wDOA1izTKU3AbxHCHwZcANAVQ8AOLdCeftF5LKvBLmjuQCgqgcBnB0h9S8ismlEOzaZSAFzAFT1EIAzFfluFJHfKtqzaYcCpgCo6hEApyvze1VEfq3sw+aNCpgBoKrlTv\/Lyrz4L6BSsN7mJgCo6gfzP\/FONSTHm8AG0Xq6TA6Aqn4I4IuGpL4F8AZ\/BjYo19FlUgBU9TCArxryuQfgTRH5o6Evu3QoMBkAjTd8JfW7AN6i+R0udnSdBACa3+HAjLt2A9Bh\/p3hyv9zxhqkDt8FgKp+CuCTBgVpfoNoFl2aAegwv9ztvy0ivPItHK08ZxMAqvoZgI8rY5XmNL9BNMsu1QCo6gkAxxuS+gbAO7zyG5Qz7FIFAM03dGJGpx4NgKp+DuCjhjxvA3iXV36Dcg5dRgGgqicBHGvIh+Y3iObZZUUAOsy\/NVz5f3kWxFh1CvwvAKpaXuqUlzu1x3UAu0Xk79qObO+rwH8CQPN9jZhVtGUBUNXyLr+80689rgHYwyu\/VrbZtX8BAFUts3jKbJ7ag+bXKhag\/b8A6DD\/KoC9vPIDOFqZwgIA8492y98LAMrCDR4vrwJPAfxcFueIyPelzEUAypz9MnefRx4FTs1PwjkmqroTwP08dbPSJQpsLwD8CGAbZUmpwA8FgPJ\/YUPK8ln07wWAJ\/Pr9l6hFikVWACA\/wJSer9Q9MMCwA4A3+XVIHXlry\/+DCzr9sv6fR55FDgpIseXPgi6CGAuT\/0pKy33ez8ND4Ie\/PMgaFGKjkfBfA+wSnniy6BVatxUaU\/9OpgTQaZyxuk8nBDiJHTUMFZTwjgfMKrjz+VlOSmUM4JXAQQrAlBq4JqAVeBkY4qjAOiEgEvCGs3x6DYagAECrgv0cMUxRhUAAwRcGexokHWoagAIgbUlvudvAmCAgF8H8fXKJFozAITAxA\/3k3YBMEDQ8j3g0pWfh3O3+8WA3QAQggAudqQwCQADBPxKaIcRs+o6GQCEYFYW9sWdFIABgp6PRZfvBfObAn2eVvWeHIABgtbPxc+JyKWqCti4SwETAAYIuGFElzU+nc0AGCAYs1PY85VyzyAf7xeimALQeGNIAF4mAAYIxm4b91hEXnOsP30o8xFgUeGRG0fuE5GyjSwPJwXcABhGgrLwpGwdu3aZ+m4A2MU9g5ycH8K4AjBAsHnJ5tHrl2wefZPm+5rvchPoXxIj1ijgPgLUJMe29goQAHuNQ0cgAKHtsU+OANhrHDoCAQhtj31yBMBe49ARCEBoe+yTIwD2GoeOQABC22OfHAGw1zh0BAIQ2h775AiAvcahIxCA0PbYJ0cA7DUOHYEAhLbHPjkCYK9x6AgEILQ99skRAHuNQ0cgAKHtsU+OANhrHDoCAQhtj31yBMBe49ARCEBoe+yTIwD2GoeOQABC22OfHAGw1zh0BAIQ2h775AiAvcahIxCA0PbYJ0cA7DUOHYEAhLbHPjkCYK9x6AjPAAy6YnS8OF6uAAAAAElFTkSuQmCC\" alt=\"\"><\/span>&nbsp;EL\u0150Z\u0150 OLDAL\n        <\/a>\n      <\/div>\n    <\/section>\n    \n    \n    \n  \n","protected":false},"excerpt":{"rendered":"<p>Aj\u00e1nlott irodalom 2. Hreblay Emil (1900) A gazdas\u00e1gi baromfiteny\u00e9szt\u00e9sre vonatkoz\u00f3 \u00e1ltal\u00e1nos tudnival\u00f3k&nbsp; Pallas R\u00e9szv\u00e9nyt\u00e1rsas\u00e1g Nyomd\u00e1ja, Budapest. Hreblay Emil (1907) Pulykateny\u00e9szt\u00e9s \u201cP\u00e1tria\u201d Irodalmi V\u00e1llalat \u00e9s Nyomdai R\u00e9szv\u00e9nyt\u00e1rsas\u00e1g, Budapest Hreblay Emil (1909)&nbsp; L\u00fad- \u00e9s kacsateny\u00e9szt\u00e9s Gombos Ferenc Lyceum K\u00f6nyvnyomd\u00e1ja, Kolozsv\u00e1r Hreblay Emil (1909)&nbsp; Baromfiteny\u00e9szt\u00e9s. I. f\u00fczet A gazdas\u00e1gi baromfiteny\u00e9szt\u00e9sre vonatkoz\u00f3 \u00e1ltal\u00e1nos tudnival\u00f3k \u00e9s a gazdas\u00e1gi baromfifajt\u00e1k ismertet\u00e9se &hellip; <a href=\"https:\/\/gentar.hu\/mge\/ajanlott-irodalom-2\/\" class=\"more-link\">Continue reading<span class=\"screen-reader-text\"> &#8222;Aj\u00e1nlott irodalom 2&#8221;<\/span><\/a><\/p>\n","protected":false},"author":1,"featured_media":0,"parent":0,"menu_order":0,"comment_status":"closed","ping_status":"closed","template":"","meta":{"footnotes":""},"class_list":["post-399","page","type-page","status-publish","hentry"],"_links":{"self":[{"href":"https:\/\/gentar.hu\/mge\/wp-json\/wp\/v2\/pages\/399","targetHints":{"allow":["GET"]}}],"collection":[{"href":"https:\/\/gentar.hu\/mge\/wp-json\/wp\/v2\/pages"}],"about":[{"href":"https:\/\/gentar.hu\/mge\/wp-json\/wp\/v2\/types\/page"}],"author":[{"embeddable":true,"href":"https:\/\/gentar.hu\/mge\/wp-json\/wp\/v2\/users\/1"}],"replies":[{"embeddable":true,"href":"https:\/\/gentar.hu\/mge\/wp-json\/wp\/v2\/comments?post=399"}],"version-history":[{"count":5,"href":"https:\/\/gentar.hu\/mge\/wp-json\/wp\/v2\/pages\/399\/revisions"}],"predecessor-version":[{"id":415,"href":"https:\/\/gentar.hu\/mge\/wp-json\/wp\/v2\/pages\/399\/revisions\/415"}],"wp:attachment":[{"href":"https:\/\/gentar.hu\/mge\/wp-json\/wp\/v2\/media?parent=399"}],"curies":[{"name":"wp","href":"https:\/\/api.w.org\/{rel}","templated":true}]}}